{"id":3118,"date":"2024-09-20T08:38:28","date_gmt":"2024-09-20T06:38:28","guid":{"rendered":"https:\/\/escenacreadores.com\/accesibilidad\/"},"modified":"2025-02-12T12:53:35","modified_gmt":"2025-02-12T11:53:35","slug":"accessibility","status":"publish","type":"page","link":"https:\/\/escenacreadores.com\/en\/accessibility\/","title":{"rendered":"Accessibility"},"content":{"rendered":"<p><strong>Declaraci\u00f3n de accesibilidad<\/strong><\/p>\n<p>ASOCIACI\u00d3N CREADORES RESIDENCIAS TEATRALES se ha comprometido a hacer accesibles sus sitios web, de conformidad con el Real Decreto 1112\/2018, de 7 de septiembre, sobre accesibilidad de los sitios web y aplicaciones para dispositivos m\u00f3viles del sector p\u00fablico o con ayudas publicas.<\/p>\n<p>&nbsp;<br \/>\n<strong>Situaci\u00f3n de cumplimiento<\/strong><br \/>\nEste sitio web es\u00a0<strong>parcialmente conforme<\/strong>\u00a0con el\u00a0<a href=\"https:\/\/www.boe.es\/diario_boe\/txt.php?id=BOE-A-2018-12699\" target=\"_blank\" rel=\"noopener\"><strong>RD 1112\/2018<\/strong><\/a>\u00a0debido a las excepciones y a la falta de conformidad de los aspectos que se indican a continuaci\u00f3n.<\/p>\n<p><strong>Contenido no accesible<\/strong><br \/>\nEl contenido que se recoge a continuaci\u00f3n no es accesible por lo siguiente:<\/p>\n<ul>\n<li><strong>Falta de conformidad con el RD 1112\/2018:<\/strong>\n<ul>\n<li>Hay contenido textual sin un contraste suficiente<\/li>\n<li>Se observa como en algunos casos el foco no cumple con el m\u00ednimo ratio de contraste requerido<\/li>\n<li>En alg\u00fan caso puede producirse solapamiento de contenido<\/li>\n<li>Puede ser que no toda la navegaci\u00f3n sea accesible con un teclado<\/li>\n<li>El foco no se resalta al usar la navegaci\u00f3n con teclado<\/li>\n<li>No existen atajos con teclado<\/li>\n<\/ul>\n<\/li>\n<\/ul>\n<p>&nbsp;<br \/>\n<strong>Preparaci\u00f3n de la presente declaraci\u00f3n de accesibilidad<\/strong><br \/>\nLa presente declaraci\u00f3n fue preparada el 24 de octubre de 2024.<\/p>\n<p>El m\u00e9todo empleado para la presente declaraci\u00f3n ha sido una autoevaluaci\u00f3n realizada por Innobing Consulting S.L.<\/p>\n<p>&nbsp;<br \/>\n<strong>Observaciones y datos de contacto<\/strong><br \/>\nPuede realizar\u00a0comunicaciones\u00a0sobre requisitos de accesibilidad (art\u00edculo 10.2.a del RD 1112\/2018) como, por ejemplo:<\/p>\n<ul>\n<li><strong>Informar sobre cualquier posible incumplimiento por parte de este sitio web<\/strong><\/li>\n<li><strong>Transmitir otras\u00a0dificultades de acceso\u00a0al contenido<\/strong><\/li>\n<li><strong>Formular cualquier otra\u00a0consulta o sugerencia de mejora\u00a0relativa a la accesibilidad del sitio web<\/strong><\/li>\n<\/ul>\n<p>Puede enviar un email a <a href=\"mailto:ESCENACREADORES@GMAIL.COM\">ESCENACREADORES@GMAIL.COM<\/a>\u00a0designado para tal efecto.<\/p>\n<p>Las comunicaciones ser\u00e1n recibidas y tratadas por ASOCIACI\u00d3N CREADORES RESIDENCIAS TEATRALES<\/p>\n<p>&nbsp;<br \/>\n<strong>Solicitudes de informaci\u00f3n accesible y quejas<\/strong><br \/>\nA trav\u00e9s de <a href=\"mailto:ESCENACREADORES@GMAIL.COM\">ESCENACREADORES@GMAIL.COM<\/a> puede presentar:<\/p>\n<ul>\n<li><strong>Queja relativa al cumplimiento de los requisitos del RD 1112\/2018 o<\/strong><\/li>\n<\/ul>\n<p>En la Solicitud de informaci\u00f3n accesible, se debe concretar, con toda claridad, los hechos, razones y petici\u00f3n que permitan constatar que se trata de una solicitud razonable y leg\u00edtima.<\/p>\n<p>&nbsp;<br \/>\n<strong>Procedimiento de aplicaci\u00f3n<\/strong><br \/>\nSi una vez realizada una solicitud de informaci\u00f3n accesible o queja, \u00e9sta hubiera sido desestimada, no se estuviera de acuerdo con la decisi\u00f3n adoptada, o la respuesta no cumpliera los requisitos contemplados en el art\u00edculo 12.5 del RD 1112\/2018, la persona interesada podr\u00e1 iniciar una reclamaci\u00f3n. Igualmente se podr\u00e1 iniciar una reclamaci\u00f3n en el caso de no haber obtenido respuesta.<\/p>\n<p>La reclamaci\u00f3n puede ser presentada trav\u00e9s de la Instancia Gen\u00e9rica de la Sede electr\u00f3nica del Ministerio de Asuntos Econ\u00f3micos y Transformaci\u00f3n Digital , as\u00ed como en el resto de opciones recogidas en la Ley 39\/ 2015, de 1 de octubre, del Procedimiento Administrativo Com\u00fan de las Administraciones P\u00fablicas. \u00a0Las reclamaciones ser\u00e1n recibidas y tratadas por la Subdirecci\u00f3n General de Inspecci\u00f3n de Servicios del Ministerio.<\/p>\n<p>&nbsp;<br \/>\n<strong>Contenido Opcional<\/strong><br \/>\nEl sitio web:<\/p>\n<ul>\n<li><strong>Se ha dise\u00f1ado adapt\u00e1ndose a los est\u00e1ndares y normativas vigentes en relaci\u00f3n a la accesibilidad, cumpliendo con los puntos de verificaci\u00f3n de prioridad 2 (AA) definidos en la especificaci\u00f3n de Pautas de Accesibilidad al Contenido en la Web (WCAG 2.1).<\/strong><\/li>\n<li><strong>Est\u00e1 optimizado para las \u00faltimas versiones vigentes de Chrome, Edge, Firefox, Safari y Opera.<\/strong><\/li>\n<li><strong>Est\u00e1 dise\u00f1ado para su correcta visualizaci\u00f3n en cualquier resoluci\u00f3n y dispositivo de escritorio, tabletas o m\u00f3viles\u00a0(dise\u00f1o\u00a0<em>responsive<\/em>).<\/strong><\/li>\n<\/ul>\n<p>Adem\u00e1s, se realiza un trabajo continuo de auditor\u00eda y revisi\u00f3n de contenidos para facilitar su interpretaci\u00f3n y mejorar la navegaci\u00f3n por el portal web.<\/p>\n<p><b>Este portal esta dise\u00f1ado para poder cambiar el tama\u00f1o del texto y el color, as\u00ed\u00a0como el fondo de la p\u00e1gina mediante las opciones de configuraci\u00f3n est\u00e1ndar de los navegadores.<\/b><\/p>\n<p><strong>Si desea cambiar el tama\u00f1o de letra del texto en los principales navegadores gr\u00e1ficos utilice los siguientes men\u00fas:<\/strong><\/p>\n<ul>\n<li>Internet Explorer, Mozilla y Firefox: Ver &gt; Tama\u00f1o del texto<\/li>\n<li>Opera: Ver &gt; Zoom<\/li>\n<li>Safari: Ver &gt; Hacer el texto mas grande<\/li>\n<li>Chrome: Controla la pagina actual &gt; Tama\u00f1o del texto<\/li>\n<li>Para modificar el tama\u00f1o de todo en la pagina:\n<ul>\n<li>Ctrl + + para aumentarlo<\/li>\n<li>Ctrl + \u2013 para disminuirlo<\/li>\n<li>Ctrl + 0 restaura el tama\u00f1o original del texto<\/li>\n<\/ul>\n<\/li>\n<\/ul>\n<\/div>\n","protected":false},"excerpt":{"rendered":"<p>Declaraci\u00f3n de accesibilidad ASOCIACI\u00d3N CREADORES RESIDENCIAS TEATRALES se ha comprometido a hacer accesibles sus sitios web, de conformidad con el Real Decreto 1112\/2018, de 7 de septiembre, sobre accesibilidad de los sitios web y aplicaciones para dispositivos m\u00f3viles del sector p\u00fablico o con ayudas publicas. &nbsp; Situaci\u00f3n de cumplimiento Este sitio web es\u00a0parcialmente conforme\u00a0con el\u00a0RD [&hellip;]<\/p>\n","protected":false},"author":1,"featured_media":0,"parent":0,"menu_order":0,"comment_status":"closed","ping_status":"closed","template":"","meta":{"_acf_changed":false,"_et_pb_use_builder":"","_et_pb_old_content":"","_et_gb_content_width":"","footnotes":""},"class_list":["post-3118","page","type-page","status-publish","hentry"],"acf":[],"_links":{"self":[{"href":"https:\/\/escenacreadores.com\/en\/wp-json\/wp\/v2\/pages\/3118","targetHints":{"allow":["GET"]}}],"collection":[{"href":"https:\/\/escenacreadores.com\/en\/wp-json\/wp\/v2\/pages"}],"about":[{"href":"https:\/\/escenacreadores.com\/en\/wp-json\/wp\/v2\/types\/page"}],"author":[{"embeddable":true,"href":"https:\/\/escenacreadores.com\/en\/wp-json\/wp\/v2\/users\/1"}],"replies":[{"embeddable":true,"href":"https:\/\/escenacreadores.com\/en\/wp-json\/wp\/v2\/comments?post=3118"}],"version-history":[{"count":2,"href":"https:\/\/escenacreadores.com\/en\/wp-json\/wp\/v2\/pages\/3118\/revisions"}],"predecessor-version":[{"id":3120,"href":"https:\/\/escenacreadores.com\/en\/wp-json\/wp\/v2\/pages\/3118\/revisions\/3120"}],"wp:attachment":[{"href":"https:\/\/escenacreadores.com\/en\/wp-json\/wp\/v2\/media?parent=3118"}],"curies":[{"name":"wp","href":"https:\/\/api.w.org\/{rel}","templated":true}]}}

<p><strong>Declaración de accesibilidad</strong></p>
<p>ASOCIACIÓN CREADORES RESIDENCIAS TEATRALES se ha comprometido a hacer accesibles sus sitios web, de conformidad con el Real Decreto 1112/2018, de 7 de septiembre, sobre accesibilidad de los sitios web y aplicaciones para dispositivos móviles del sector público o con ayudas publicas.</p>
<p>&nbsp;<br />
<strong>Situación de cumplimiento</strong><br />
Este sitio web es <strong>parcialmente conforme</strong> con el <a href="https://www.boe.es/diario_boe/txt.php?id=BOE-A-2018-12699" target="_blank" rel="noopener"><strong>RD 1112/2018</strong></a> debido a las excepciones y a la falta de conformidad de los aspectos que se indican a continuación.</p>
<p><strong>Contenido no accesible</strong><br />
El contenido que se recoge a continuación no es accesible por lo siguiente:</p>
<ul>
<li><strong>Falta de conformidad con el RD 1112/2018:</strong>
<ul>
<li>Hay contenido textual sin un contraste suficiente</li>
<li>Se observa como en algunos casos el foco no cumple con el mínimo ratio de contraste requerido</li>
<li>En algún caso puede producirse solapamiento de contenido</li>
<li>Puede ser que no toda la navegación sea accesible con un teclado</li>
<li>El foco no se resalta al usar la navegación con teclado</li>
<li>No existen atajos con teclado</li>
</ul>
</li>
</ul>
<p>&nbsp;<br />
<strong>Preparación de la presente declaración de accesibilidad</strong><br />
La presente declaración fue preparada el 24 de octubre de 2024.</p>
<p>El método empleado para la presente declaración ha sido una autoevaluación realizada por Innobing Consulting S.L.</p>
<p>&nbsp;<br />
<strong>Observaciones y datos de contacto</strong><br />
Puede realizar comunicaciones sobre requisitos de accesibilidad (artículo 10.2.a del RD 1112/2018) como, por ejemplo:</p>
<ul>
<li><strong>Informar sobre cualquier posible incumplimiento por parte de este sitio web</strong></li>
<li><strong>Transmitir otras dificultades de acceso al contenido</strong></li>
<li><strong>Formular cualquier otra consulta o sugerencia de mejora relativa a la accesibilidad del sitio web</strong></li>
</ul>
<p>Puede enviar un email a <a href="mailto:ESCENACREADORES@GMAIL.COM">ESCENACREADORES@GMAIL.COM</a> designado para tal efecto.</p>
<p>Las comunicaciones serán recibidas y tratadas por ASOCIACIÓN CREADORES RESIDENCIAS TEATRALES</p>
<p>&nbsp;<br />
<strong>Solicitudes de información accesible y quejas</strong><br />
A través de <a href="mailto:ESCENACREADORES@GMAIL.COM">ESCENACREADORES@GMAIL.COM</a> puede presentar:</p>
<ul>
<li><strong>Queja relativa al cumplimiento de los requisitos del RD 1112/2018 o</strong></li>
</ul>
<p>En la Solicitud de información accesible, se debe concretar, con toda claridad, los hechos, razones y petición que permitan constatar que se trata de una solicitud razonable y legítima.</p>
<p>&nbsp;<br />
<strong>Procedimiento de aplicación</strong><br />
Si una vez realizada una solicitud de información accesible o queja, ésta hubiera sido desestimada, no se estuviera de acuerdo con la decisión adoptada, o la respuesta no cumpliera los requisitos contemplados en el artículo 12.5 del RD 1112/2018, la persona interesada podrá iniciar una reclamación. Igualmente se podrá iniciar una reclamación en el caso de no haber obtenido respuesta.</p>
<p>La reclamación puede ser presentada través de la Instancia Genérica de la Sede electrónica del Ministerio de Asuntos Económicos y Transformación Digital , así como en el resto de opciones recogidas en la Ley 39/ 2015, de 1 de octubre, del Procedimiento Administrativo Común de las Administraciones Públicas.  Las reclamaciones serán recibidas y tratadas por la Subdirección General de Inspección de Servicios del Ministerio.</p>
<p>&nbsp;<br />
<strong>Contenido Opcional</strong><br />
El sitio web:</p>
<ul>
<li><strong>Se ha diseñado adaptándose a los estándares y normativas vigentes en relación a la accesibilidad, cumpliendo con los puntos de verificación de prioridad 2 (AA) definidos en la especificación de Pautas de Accesibilidad al Contenido en la Web (WCAG 2.1).</strong></li>
<li><strong>Está optimizado para las últimas versiones vigentes de Chrome, Edge, Firefox, Safari y Opera.</strong></li>
<li><strong>Está diseñado para su correcta visualización en cualquier resolución y dispositivo de escritorio, tabletas o móviles (diseño <em>responsive</em>).</strong></li>
</ul>
<p>Además, se realiza un trabajo continuo de auditoría y revisión de contenidos para facilitar su interpretación y mejorar la navegación por el portal web.</p>
<p><b>Este portal esta diseñado para poder cambiar el tamaño del texto y el color, así como el fondo de la página mediante las opciones de configuración estándar de los navegadores.</b></p>
<p><strong>Si desea cambiar el tamaño de letra del texto en los principales navegadores gráficos utilice los siguientes menús:</strong></p>
<ul>
<li>Internet Explorer, Mozilla y Firefox: Ver &gt; Tamaño del texto</li>
<li>Opera: Ver &gt; Zoom</li>
<li>Safari: Ver &gt; Hacer el texto mas grande</li>
<li>Chrome: Controla la pagina actual &gt; Tamaño del texto</li>
<li>Para modificar el tamaño de todo en la pagina:
<ul>
<li>Ctrl + + para aumentarlo</li>
<li>Ctrl + – para disminuirlo</li>
<li>Ctrl + 0 restaura el tamaño original del texto</li>
</ul>
</li>
</ul>
</div>

<p>Declaración de accesibilidad ASOCIACIÓN CREADORES RESIDENCIAS TEATRALES se ha comprometido a hacer accesibles sus sitios web, de conformidad con el Real Decreto 1112/2018, de 7 de septiembre, sobre accesibilidad de los sitios web y aplicaciones para dispositivos móviles del sector público o con ayudas publicas. &nbsp; Situación de cumplimiento Este sitio web es parcialmente conforme con el RD [&hellip;]</p>
