{"id":3230,"date":"2026-04-17T12:20:51","date_gmt":"2026-04-17T10:20:51","guid":{"rendered":"https:\/\/escenacreadores.com\/2026-2\/"},"modified":"2026-04-24T11:44:18","modified_gmt":"2026-04-24T09:44:18","slug":"2026-2","status":"publish","type":"page","link":"https:\/\/escenacreadores.com\/en\/2026-2\/","title":{"rendered":"2026 Edition"},"content":{"rendered":"<p><img loading=\"lazy\" decoding=\"async\" class=\"size-medium wp-image-3209 aligncenter\" src=\"https:\/\/escenacreadores.com\/wp-content\/uploads\/2026\/04\/banner-web-calidad-300x121.jpg\" alt=\"\" width=\"300\" height=\"121\" \/><\/p>\n<p>&nbsp;<\/p>\n<h3 style=\"text-align: center;\"><span style=\"color: #008000;\"><b>Creadores Valencian Residencies are back with a new format for the summer of 2026<\/b> <\/span><\/h3>\n<div class=\"qQVYZb\"><\/div>\n<div class=\"\">\n<div id=\":30b\" class=\"ii gt\">\n<div id=\":31g\" class=\"a3s aiL\">\n<div id=\"avWBGd-591\">\n<div dir=\"ltr\">\n<div><\/div>\n<div><\/div>\n<div>\n<div id=\":30b\">\n<div id=\":31g\">\n<div id=\"avWBGd-591\">\n<div data-olk-copy-source=\"MailCompose\">Living up to its name, Creadores Residencies are changing their format and becoming a real-life experience of working together and shared living.<\/div>\n<div><\/div>\n<div><\/div>\n<div>We are moving to the mountains to enjoy ten days of writing and concerns sharing.<\/div>\n<\/div>\n<\/div>\n<\/div>\n<div><\/div>\n<div><\/div>\n<div><\/div>\n<div id=\":30b\">\n<div id=\":31g\">\n<div id=\"avWBGd-591\">\n<div><b>Creadores 2026<\/b> is a ten-day residency that will take place at a hostel in the Sierra de Espad\u00e1n (Almed\u00edjar, Castell\u00f3n, Spain). Participating playwrights (a maximum of 12) will have time to write and develop their personal projects and will also have an individual workshop with Roland Schimmelpfennig. In addition, the program includes morning exercise sessions, walks and activities in nature, reading sessions of texts, and evening gatherings where participants could (voluntarily) share their work progress and have feedback.<\/div>\n<div><\/div>\n<div><\/div>\n<div>This year, we are highlighting playwrights, fostering a peer-to-peer environment where they can write together.<\/div>\n<div><\/div>\n<div>During the residency, participating playwrights will develop their own text, which may involve expanding on an initial idea, continuing a work already begun, or revising a draft.<\/div>\n<div><\/div>\n<div><b>When: <\/b>July 10-19, 2026<\/div>\n<div><b><u>Where<\/u>:<\/b> <a id=\"OWA1566a79b-4235-e6be-4d21-4f4ba24894cf\" class=\"OWAAutoLink\" href=\"https:\/\/lasurera.org\/\" target=\"_blank\" rel=\"noopener\" data-saferedirecturl=\"https:\/\/www.google.com\/url?q=https:\/\/lasurera.org\/&amp;source=gmail&amp;ust=1776503295781000&amp;usg=AOvVaw3j-GghcbJY2TA08X1dIUxk\">La Surera Espacio de Encuentros Rurales<\/a> (<a id=\"OWAbdbf4441-f402-a9ce-1d78-770cbc566747\" class=\"OWAAutoLink\" href=\"https:\/\/maps.app.goo.gl\/tRZ48z2vcwzaj9tR8\" target=\"_blank\" rel=\"noopener\" data-saferedirecturl=\"https:\/\/www.google.com\/url?q=https:\/\/maps.app.goo.gl\/tRZ48z2vcwzaj9tR8&amp;source=gmail&amp;ust=1776503295781000&amp;usg=AOvVaw0bs0NwoJL8nWAZs2UlqWd1\">Almed\u00edjar<\/a>, Castell\u00f3n, Espa\u00f1a)<\/div>\n<div><b><u>Directors<\/u>:<\/b> Luc\u00eda S\u00e1ez, J\u00e9ssica Mart\u00ednez y Esther Melo<\/div>\n<div><b><u>Dramturgical coordination<\/u>:<\/b> Roland Schimmelpfennig<\/div>\n<\/div>\n<\/div>\n<\/div>\n<div><\/div>\n<div><\/div>\n<div id=\":30b\">\n<div id=\":31g\">\n<div id=\"avWBGd-591\">\n<div><b>What Creadores 2026 includes:<\/b><\/div>\n<div><\/div>\n<div>&#8211; Accommodation in a shared room<\/div>\n<div>&#8211; Breakfast, lunch, and dinner<\/div>\n<div>&#8211; Activities Programme:<\/div>\n<div><\/div>\n<div>*Physical exercise sessions (adapted to individual needs)<\/div>\n<div>* Time for individual writing<\/div>\n<div>* One individual work session with the dramaturgical coordinator<\/div>\n<div>* Walks and activities in nature<\/div>\n<div>* Readings sessions<\/div>\n<div>* Evening gatherings<\/div>\n<div>* Time for rest<\/div>\n<div><\/div>\n<div><b><u>Who can participate<\/u>:<\/b> Playwrights who write in Spanish, Valencian, or English.<\/div>\n<div>A basic level of Spanish will be required for communication.<\/div>\n<\/div>\n<\/div>\n<\/div>\n<div><\/div>\n<div><\/div>\n<div><\/div>\n<div id=\":30b\">\n<div id=\":31g\">\n<div id=\"avWBGd-591\">\n<div>Registration process: If you wish to participate, send a CV + your own (anonymous) play + a cover letter (optional) to <a id=\"OWAaa014ceb-e4a7-a118-14df-1cee359e234d\" class=\"OWAAutoLink\" href=\"mailto:creadoresvalencia@gmail.com\" target=\"_blank\" rel=\"noopener\">creadoresvalencia@gmail.com<\/a> <b>before May 14th. Selected participants will be notified on May 23rd.<\/b><\/div>\n<div>To ensure the fairest and most careful process possible, the play must be submitted without the author&#8217;s name appearing on any page. We will collect all submissions anonymously and send them to a playwright (to be confirmed), who will make an initial selection based only on the quality of the proposals.<\/div>\n<div>In a second phase, Creadores team will review the selected projects along with the CVs to make the final selection.<\/div>\n<div>This system allows us to maintain the criteria that have defined our residencies from the beginning: promoting gender parity and fostering encounters between playwrights of diverse backgrounds, both professional and emerging.<\/div>\n<div><\/div>\n<div><\/div>\n<div><b>Fee:<\/b> 600 \u20ac (payable after selection).<\/div>\n<div><\/div>\n<div><\/div>\n<div>LA SURERA is a territorial innovation project carried out by a group of people who have committed to developing their life projects in the region and to participating in collaborative and cooperative processes.<\/div>\n<div><\/div>\n<div>NOTE: The food is mainly vegan, but vegetarian and omnivorous options are also available. Rooms are shared. Shared rooms.<\/div>\n<div><\/div>\n<div>More infio <a id=\"OWA3497b9bf-3f8f-3082-a14b-0a772d512832\" class=\"OWAAutoLink\" href=\"mailto:creadoresvalencia@gmail.com\" target=\"_blank\" rel=\"noopener\">creadoresvalencia@gmail.com<\/a><\/div>\n<div><\/div>\n<\/div>\n<\/div>\n<\/div>\n<div><strong><a id=\"OWA8d877ac9-5efa-b6c2-7468-a5cd2394e45f\" class=\"OWAAutoLink\" href=\"https:\/\/drive.google.com\/drive\/folders\/1QYrftn8jo0kNQ8VL57fU0Ehqhj1EbAf-?usp=drive_link\" target=\"_blank\" rel=\"noopener\">MATERIAL PROMOCIONAL<\/a><\/strong><\/div>\n<div><strong><a href=\"https:\/\/drive.google.com\/file\/d\/19AWtCZRTJB4_-UsITEgeXy-Vq9H4lzip\/view?usp=drive_link\" target=\"_blank\" rel=\"noopener\">NOTA DE PRENSA<\/a><\/strong><\/div>\n<\/div>\n<\/div>\n<\/div>\n<\/div>\n<\/div>\n<\/div>\n<p>&nbsp;<\/p>\n","protected":false},"excerpt":{"rendered":"<p>&nbsp; Creadores Valencian Residencies are back with a new format for the summer of 2026 Living up to its name, Creadores Residencies are changing their format and becoming a real-life experience of working together and shared living. We are moving to the mountains to enjoy ten days of writing and concerns sharing. Creadores 2026 is [&hellip;]<\/p>\n","protected":false},"author":4,"featured_media":0,"parent":0,"menu_order":0,"comment_status":"closed","ping_status":"closed","template":"","meta":{"_acf_changed":false,"_et_pb_use_builder":"off","_et_pb_old_content":"","_et_gb_content_width":"","footnotes":""},"class_list":["post-3230","page","type-page","status-publish","hentry"],"acf":[],"_links":{"self":[{"href":"https:\/\/escenacreadores.com\/en\/wp-json\/wp\/v2\/pages\/3230","targetHints":{"allow":["GET"]}}],"collection":[{"href":"https:\/\/escenacreadores.com\/en\/wp-json\/wp\/v2\/pages"}],"about":[{"href":"https:\/\/escenacreadores.com\/en\/wp-json\/wp\/v2\/types\/page"}],"author":[{"embeddable":true,"href":"https:\/\/escenacreadores.com\/en\/wp-json\/wp\/v2\/users\/4"}],"replies":[{"embeddable":true,"href":"https:\/\/escenacreadores.com\/en\/wp-json\/wp\/v2\/comments?post=3230"}],"version-history":[{"count":4,"href":"https:\/\/escenacreadores.com\/en\/wp-json\/wp\/v2\/pages\/3230\/revisions"}],"predecessor-version":[{"id":3252,"href":"https:\/\/escenacreadores.com\/en\/wp-json\/wp\/v2\/pages\/3230\/revisions\/3252"}],"wp:attachment":[{"href":"https:\/\/escenacreadores.com\/en\/wp-json\/wp\/v2\/media?parent=3230"}],"curies":[{"name":"wp","href":"https:\/\/api.w.org\/{rel}","templated":true}]}}

<p><img loading="lazy" decoding="async" class="size-medium wp-image-3209 aligncenter" src="https://escenacreadores.com/wp-content/uploads/2026/04/banner-web-calidad-300x121.jpg" alt="" width="300" height="121" /></p>
<p>&nbsp;</p>
<h3 style="text-align: center;"><span style="color: #008000;"><b>Creadores Valencian Residencies are back with a new format for the summer of 2026</b> </span></h3>
<div class="qQVYZb"></div>
<div class="">
<div id=":30b" class="ii gt">
<div id=":31g" class="a3s aiL">
<div id="avWBGd-591">
<div dir="ltr">
<div></div>
<div></div>
<div>
<div id=":30b">
<div id=":31g">
<div id="avWBGd-591">
<div data-olk-copy-source="MailCompose">Living up to its name, Creadores Residencies are changing their format and becoming a real-life experience of working together and shared living.</div>
<div></div>
<div></div>
<div>We are moving to the mountains to enjoy ten days of writing and concerns sharing.</div>
</div>
</div>
</div>
<div></div>
<div></div>
<div></div>
<div id=":30b">
<div id=":31g">
<div id="avWBGd-591">
<div><b>Creadores 2026</b> is a ten-day residency that will take place at a hostel in the Sierra de Espadán (Almedíjar, Castellón, Spain). Participating playwrights (a maximum of 12) will have time to write and develop their personal projects and will also have an individual workshop with Roland Schimmelpfennig. In addition, the program includes morning exercise sessions, walks and activities in nature, reading sessions of texts, and evening gatherings where participants could (voluntarily) share their work progress and have feedback.</div>
<div></div>
<div></div>
<div>This year, we are highlighting playwrights, fostering a peer-to-peer environment where they can write together.</div>
<div></div>
<div>During the residency, participating playwrights will develop their own text, which may involve expanding on an initial idea, continuing a work already begun, or revising a draft.</div>
<div></div>
<div><b>When: </b>July 10-19, 2026</div>
<div><b><u>Where</u>:</b> <a id="OWA1566a79b-4235-e6be-4d21-4f4ba24894cf" class="OWAAutoLink" href="https://lasurera.org/" target="_blank" rel="noopener" data-saferedirecturl="https://www.google.com/url?q=https://lasurera.org/&amp;source=gmail&amp;ust=1776503295781000&amp;usg=AOvVaw3j-GghcbJY2TA08X1dIUxk">La Surera Espacio de Encuentros Rurales</a> (<a id="OWAbdbf4441-f402-a9ce-1d78-770cbc566747" class="OWAAutoLink" href="https://maps.app.goo.gl/tRZ48z2vcwzaj9tR8" target="_blank" rel="noopener" data-saferedirecturl="https://www.google.com/url?q=https://maps.app.goo.gl/tRZ48z2vcwzaj9tR8&amp;source=gmail&amp;ust=1776503295781000&amp;usg=AOvVaw0bs0NwoJL8nWAZs2UlqWd1">Almedíjar</a>, Castellón, España)</div>
<div><b><u>Directors</u>:</b> Lucía Sáez, Jéssica Martínez y Esther Melo</div>
<div><b><u>Dramturgical coordination</u>:</b> Roland Schimmelpfennig</div>
</div>
</div>
</div>
<div></div>
<div></div>
<div id=":30b">
<div id=":31g">
<div id="avWBGd-591">
<div><b>What Creadores 2026 includes:</b></div>
<div></div>
<div>&#8211; Accommodation in a shared room</div>
<div>&#8211; Breakfast, lunch, and dinner</div>
<div>&#8211; Activities Programme:</div>
<div></div>
<div>*Physical exercise sessions (adapted to individual needs)</div>
<div>* Time for individual writing</div>
<div>* One individual work session with the dramaturgical coordinator</div>
<div>* Walks and activities in nature</div>
<div>* Readings sessions</div>
<div>* Evening gatherings</div>
<div>* Time for rest</div>
<div></div>
<div><b><u>Who can participate</u>:</b> Playwrights who write in Spanish, Valencian, or English.</div>
<div>A basic level of Spanish will be required for communication.</div>
</div>
</div>
</div>
<div></div>
<div></div>
<div></div>
<div id=":30b">
<div id=":31g">
<div id="avWBGd-591">
<div>Registration process: If you wish to participate, send a CV + your own (anonymous) play + a cover letter (optional) to <a id="OWAaa014ceb-e4a7-a118-14df-1cee359e234d" class="OWAAutoLink" href="mailto:creadoresvalencia@gmail.com" target="_blank" rel="noopener">creadoresvalencia@gmail.com</a> <b>before May 14th. Selected participants will be notified on May 23rd.</b></div>
<div>To ensure the fairest and most careful process possible, the play must be submitted without the author&#8217;s name appearing on any page. We will collect all submissions anonymously and send them to a playwright (to be confirmed), who will make an initial selection based only on the quality of the proposals.</div>
<div>In a second phase, Creadores team will review the selected projects along with the CVs to make the final selection.</div>
<div>This system allows us to maintain the criteria that have defined our residencies from the beginning: promoting gender parity and fostering encounters between playwrights of diverse backgrounds, both professional and emerging.</div>
<div></div>
<div></div>
<div><b>Fee:</b> 600 € (payable after selection).</div>
<div></div>
<div></div>
<div>LA SURERA is a territorial innovation project carried out by a group of people who have committed to developing their life projects in the region and to participating in collaborative and cooperative processes.</div>
<div></div>
<div>NOTE: The food is mainly vegan, but vegetarian and omnivorous options are also available. Rooms are shared. Shared rooms.</div>
<div></div>
<div>More infio <a id="OWA3497b9bf-3f8f-3082-a14b-0a772d512832" class="OWAAutoLink" href="mailto:creadoresvalencia@gmail.com" target="_blank" rel="noopener">creadoresvalencia@gmail.com</a></div>
<div></div>
</div>
</div>
</div>
<div><strong><a id="OWA8d877ac9-5efa-b6c2-7468-a5cd2394e45f" class="OWAAutoLink" href="https://drive.google.com/drive/folders/1QYrftn8jo0kNQ8VL57fU0Ehqhj1EbAf-?usp=drive_link" target="_blank" rel="noopener">MATERIAL PROMOCIONAL</a></strong></div>
<div><strong><a href="https://drive.google.com/file/d/19AWtCZRTJB4_-UsITEgeXy-Vq9H4lzip/view?usp=drive_link" target="_blank" rel="noopener">NOTA DE PRENSA</a></strong></div>
</div>
</div>
</div>
</div>
</div>
</div>
<p>&nbsp;</p>
