{"id":949,"date":"2024-08-07T13:05:40","date_gmt":"2024-08-07T11:05:40","guid":{"rendered":"https:\/\/escenacreadores.com\/?post_type=project&#038;p=949"},"modified":"2024-12-04T12:35:48","modified_gmt":"2024-12-04T11:35:48","slug":"reinsercion-convivencia-y-crecimiento-personal-para-centros-de-menores-a-traves-de-las-artes-escenicas","status":"publish","type":"project","link":"https:\/\/escenacreadores.com\/en\/escenasaplec\/reinsercion-convivencia-y-crecimiento-personal-para-centros-de-menores-a-traves-de-las-artes-escenicas\/","title":{"rendered":"Reinserci\u00f3n, convivencia y crecimiento personal para centros de menores a trav\u00e9s de las artes esc\u00e9nicas"},"content":{"rendered":"","protected":false},"excerpt":{"rendered":"","protected":false},"author":1,"featured_media":2231,"comment_status":"closed","ping_status":"closed","template":"","meta":{"_acf_changed":false,"_et_pb_use_builder":"","_et_pb_old_content":"","_et_gb_content_width":"","footnotes":""},"project_category":[11],"project_tag":[],"class_list":["post-949","project","type-project","status-publish","has-post-thumbnail","hentry","project_category-aplec-creadores-2022"],"acf":[],"_links":{"self":[{"href":"https:\/\/escenacreadores.com\/en\/wp-json\/wp\/v2\/project\/949","targetHints":{"allow":["GET"]}}],"collection":[{"href":"https:\/\/escenacreadores.com\/en\/wp-json\/wp\/v2\/project"}],"about":[{"href":"https:\/\/escenacreadores.com\/en\/wp-json\/wp\/v2\/types\/project"}],"author":[{"embeddable":true,"href":"https:\/\/escenacreadores.com\/en\/wp-json\/wp\/v2\/users\/1"}],"replies":[{"embeddable":true,"href":"https:\/\/escenacreadores.com\/en\/wp-json\/wp\/v2\/comments?post=949"}],"version-history":[{"count":1,"href":"https:\/\/escenacreadores.com\/en\/wp-json\/wp\/v2\/project\/949\/revisions"}],"predecessor-version":[{"id":950,"href":"https:\/\/escenacreadores.com\/en\/wp-json\/wp\/v2\/project\/949\/revisions\/950"}],"wp:featuredmedia":[{"embeddable":true,"href":"https:\/\/escenacreadores.com\/en\/wp-json\/wp\/v2\/media\/2231"}],"wp:attachment":[{"href":"https:\/\/escenacreadores.com\/en\/wp-json\/wp\/v2\/media?parent=949"}],"wp:term":[{"taxonomy":"project_category","embeddable":true,"href":"https:\/\/escenacreadores.com\/en\/wp-json\/wp\/v2\/project_category?post=949"},{"taxonomy":"project_tag","embeddable":true,"href":"https:\/\/escenacreadores.com\/en\/wp-json\/wp\/v2\/project_tag?post=949"}],"curies":[{"name":"wp","href":"https:\/\/api.w.org\/{rel}","templated":true}]}}

Reinserción, convivencia y crecimiento personal para centros de menores a través de las artes escénicas
